{"id":1259,"date":"2024-06-15T19:13:56","date_gmt":"2024-06-15T17:13:56","guid":{"rendered":"https:\/\/levraiparadis.fr\/?page_id=1259"},"modified":"2024-06-15T19:24:24","modified_gmt":"2024-06-15T17:24:24","slug":"mentions-legales","status":"publish","type":"page","link":"https:\/\/levraiparadis.fr\/?page_id=1259","title":{"rendered":"Mentions l\u00e9gales"},"content":{"rendered":"\n<p>Vous \u00eates sur le site officiel du Vrai Paradis<\/p>\n\n\n\n<h2 class=\"wp-block-heading\">Support administratif : <\/h2>\n\n\n\n<p><strong>Le Vrai Paradis<\/strong><br>Entreprise individuelle<br>Si\u00e8ge social : 165 route de Gamaches 80230 Estr\u00e9b\u0153uf, repr\u00e9sent\u00e9e par Mme Colette DUCHATEAU<br>Tel : 07 88 14 52 00 <br>Mail : info@levraiparadis.fr<br>n\u00b0SIRET : 90088841300011<br><br><strong>Responsabilit\u00e9 \u00e9ditoriale :<br><\/strong>Mme Colette DUCHATEAU<\/p>\n\n\n\n<p><strong>H\u00e9bergement : <\/strong><br>H\u00e9bergement assur\u00e9 par OVH SAS 2 rue Kellermann &#8211; 59100 Roubaix &#8211; France <\/p>\n\n\n\n<p><strong>R\u00e9alisation : <br><\/strong>Programmation de la plateforme WordPress : Bravada<\/p>\n\n\n\n<p><strong>Traitement automatis\u00e9 d&rsquo;informations nominatives : <br><\/strong>La soci\u00e9t\u00e9 Le Vrai Paradis ne collecte sur les visiteurs du site aucune autre information nominative ou personnelle que celles qui lui sont ouvertement et volontairement fournies en particulier par l&rsquo;interm\u00e9diaire des adresses \u00e9lectroniques de ses correspondants.<br>Un syst\u00e8me de \u00ab\u00a0cookies anonymes\u00a0\u00bb est employ\u00e9 pour appr\u00e9cier l&rsquo;int\u00e9r\u00eat port\u00e9 par les internautes aux diverses rubriques du site.<\/p>\n\n\n\n<p>Nous vous rappelons que vous disposez d&rsquo;un droit d&rsquo;acc\u00e8s, de modification, de rectification et de suppression des donn\u00e9es vous concernant (art 34 de la loi \u00ab\u00a0Informatique et Libert\u00e9s\u00a0\u00bb du 6 janvier 1978).<br><br>Pour exercer de droit, adressez-vous \u00e0 : info@levraiparadis.fr<\/p>\n","protected":false},"excerpt":{"rendered":"<p>Vous \u00eates sur le site officiel du Vrai Paradis Support administratif : Le Vrai ParadisEntreprise individuelleSi\u00e8ge social : 165 route de Gamaches 80230 Estr\u00e9b\u0153uf, repr\u00e9sent\u00e9e &hellip;<\/p>\n","protected":false},"author":1,"featured_media":0,"parent":0,"menu_order":0,"comment_status":"closed","ping_status":"closed","template":"","meta":{"footnotes":""},"class_list":["post-1259","page","type-page","status-publish","hentry"],"_links":{"self":[{"href":"https:\/\/levraiparadis.fr\/index.php?rest_route=\/wp\/v2\/pages\/1259","targetHints":{"allow":["GET"]}}],"collection":[{"href":"https:\/\/levraiparadis.fr\/index.php?rest_route=\/wp\/v2\/pages"}],"about":[{"href":"https:\/\/levraiparadis.fr\/index.php?rest_route=\/wp\/v2\/types\/page"}],"author":[{"embeddable":true,"href":"https:\/\/levraiparadis.fr\/index.php?rest_route=\/wp\/v2\/users\/1"}],"replies":[{"embeddable":true,"href":"https:\/\/levraiparadis.fr\/index.php?rest_route=%2Fwp%2Fv2%2Fcomments&post=1259"}],"version-history":[{"count":2,"href":"https:\/\/levraiparadis.fr\/index.php?rest_route=\/wp\/v2\/pages\/1259\/revisions"}],"predecessor-version":[{"id":1262,"href":"https:\/\/levraiparadis.fr\/index.php?rest_route=\/wp\/v2\/pages\/1259\/revisions\/1262"}],"wp:attachment":[{"href":"https:\/\/levraiparadis.fr\/index.php?rest_route=%2Fwp%2Fv2%2Fmedia&parent=1259"}],"curies":[{"name":"wp","href":"https:\/\/api.w.org\/{rel}","templated":true}]}}