{"id":183,"date":"2021-05-30T14:56:02","date_gmt":"2021-05-30T12:56:02","guid":{"rendered":"http:\/\/levraiparadis.fr\/?page_id=183"},"modified":"2024-12-22T11:39:43","modified_gmt":"2024-12-22T10:39:43","slug":"la-chambre-le-crotoy","status":"publish","type":"page","link":"https:\/\/levraiparadis.fr\/?page_id=183","title":{"rendered":"La chambre Le Crotoy"},"content":{"rendered":"\n<div class=\"wp-block-columns is-layout-flex wp-container-core-columns-is-layout-9d6595d7 wp-block-columns-is-layout-flex\">\n<div class=\"wp-block-column is-layout-flow wp-block-column-is-layout-flow\">\n<p>Un bleu parmi toutes les muances de bleus que vous observerez en Baie de Somme pour la chambre d\u2019h\u00f4tes Le Crotoy.<\/p>\n\n\n\n<p>La chambre est compos\u00e9e de deux pi\u00e8ces, une pi\u00e8ce avec 2 lits simples et une pi\u00e8ce avec un lit double attenante \u00e0 la salle d\u2019eau.<\/p>\n\n\n\n<p>La chambre est class\u00e9e 3 \u00e9pis par les G\u00eetes de France.<\/p>\n\n\n\n<p>Elle dispose d\u2019une salle de bain \u00e9quip\u00e9e d\u2019une douche et de toilettes privatifs.<\/p>\n\n\n\n<p>Le linge de maison est en lin, confectionn\u00e9 en France \u00e0 partir de lin lav\u00e9 de chez Embrin picard et normand issu d\u2019une fili\u00e8re \u00e9co-responsable.<\/p>\n\n\n\n<p>La chambre Le Crotoy se situe au 1er \u00e9tage de la maison.<\/p>\n\n\n\n<p>Il n\u2019y a pas de t\u00e9l\u00e9vision mais vous pourrez vous connectez gratuitement au wifi.<\/p>\n\n\n\n<p>Il est possible d\u2019ajouter un lit d\u2019appoint pour un enfant en option.<\/p>\n\n\n\n<p>Du mat\u00e9riel de pu\u00e9riculture (lit parapluie, matelas \u00e0 langer, baignoire et petit pot) pourra vous \u00eatre pr\u00eat\u00e9.<\/p>\n\n\n\n<p>Chambre non-fumeur.<\/p>\n\n\n\n<p>Les animaux ne sont pas admis dans la chambre.<\/p>\n\n\n\n<p>L&rsquo;arriv\u00e9e se fait apr\u00e8s 18h00 et le d\u00e9part pour 10h30.<\/p>\n\n\n\n<div class=\"wp-block-buttons is-horizontal is-content-justification-center is-layout-flex wp-container-core-buttons-is-layout-499968f5 wp-block-buttons-is-layout-flex\"><\/div>\n<\/div>\n\n\n\n<div class=\"wp-block-column is-layout-flow wp-block-column-is-layout-flow\"><div class=\"wp-block-image\">\n<figure class=\"aligncenter size-large\"><img loading=\"lazy\" decoding=\"async\" width=\"1024\" height=\"768\" src=\"https:\/\/levraiparadis.fr\/wp-content\/uploads\/2023\/03\/Le-Vrai-Paradis-chambre-dhotes-Le-Crotoy-1024x768.jpeg\" alt=\"\" class=\"wp-image-1003\" srcset=\"https:\/\/levraiparadis.fr\/wp-content\/uploads\/2023\/03\/Le-Vrai-Paradis-chambre-dhotes-Le-Crotoy-1024x768.jpeg 1024w, https:\/\/levraiparadis.fr\/wp-content\/uploads\/2023\/03\/Le-Vrai-Paradis-chambre-dhotes-Le-Crotoy-300x225.jpeg 300w, https:\/\/levraiparadis.fr\/wp-content\/uploads\/2023\/03\/Le-Vrai-Paradis-chambre-dhotes-Le-Crotoy-768x576.jpeg 768w, https:\/\/levraiparadis.fr\/wp-content\/uploads\/2023\/03\/Le-Vrai-Paradis-chambre-dhotes-Le-Crotoy-1536x1152.jpeg 1536w, https:\/\/levraiparadis.fr\/wp-content\/uploads\/2023\/03\/Le-Vrai-Paradis-chambre-dhotes-Le-Crotoy-400x300.jpeg 400w, https:\/\/levraiparadis.fr\/wp-content\/uploads\/2023\/03\/Le-Vrai-Paradis-chambre-dhotes-Le-Crotoy.jpeg 2048w\" sizes=\"auto, (max-width: 1024px) 100vw, 1024px\" \/><figcaption class=\"wp-element-caption\">La chambre familiale Le Crotoy, son lit queen size et ses 2 lits simples<\/figcaption><\/figure>\n<\/div><\/div>\n<\/div>\n\n\n\n<div class=\"wp-block-columns is-layout-flex wp-container-core-columns-is-layout-9d6595d7 wp-block-columns-is-layout-flex\">\n<div class=\"wp-block-column is-layout-flow wp-block-column-is-layout-flow\">\n<figure class=\"wp-block-image size-large\"><img loading=\"lazy\" decoding=\"async\" width=\"1024\" height=\"768\" src=\"https:\/\/levraiparadis.fr\/wp-content\/uploads\/2023\/03\/Le-Vrai-Paradis-chambre-dhotes-Le-Crotoy-cle-1024x768.jpeg\" alt=\"\" class=\"wp-image-1004\" srcset=\"https:\/\/levraiparadis.fr\/wp-content\/uploads\/2023\/03\/Le-Vrai-Paradis-chambre-dhotes-Le-Crotoy-cle-1024x768.jpeg 1024w, https:\/\/levraiparadis.fr\/wp-content\/uploads\/2023\/03\/Le-Vrai-Paradis-chambre-dhotes-Le-Crotoy-cle-300x225.jpeg 300w, https:\/\/levraiparadis.fr\/wp-content\/uploads\/2023\/03\/Le-Vrai-Paradis-chambre-dhotes-Le-Crotoy-cle-768x576.jpeg 768w, https:\/\/levraiparadis.fr\/wp-content\/uploads\/2023\/03\/Le-Vrai-Paradis-chambre-dhotes-Le-Crotoy-cle-1536x1152.jpeg 1536w, https:\/\/levraiparadis.fr\/wp-content\/uploads\/2023\/03\/Le-Vrai-Paradis-chambre-dhotes-Le-Crotoy-cle-400x300.jpeg 400w, https:\/\/levraiparadis.fr\/wp-content\/uploads\/2023\/03\/Le-Vrai-Paradis-chambre-dhotes-Le-Crotoy-cle.jpeg 2048w\" sizes=\"auto, (max-width: 1024px) 100vw, 1024px\" \/><\/figure>\n<\/div>\n\n\n\n<div class=\"wp-block-column is-layout-flow wp-block-column-is-layout-flow\">\n<figure class=\"wp-block-image size-large\"><img loading=\"lazy\" decoding=\"async\" width=\"1024\" height=\"768\" src=\"https:\/\/levraiparadis.fr\/wp-content\/uploads\/2023\/03\/Le-Vrai-Paradis-chambre-dhotes-Le-Crotoy-2-1024x768.jpeg\" alt=\"\" class=\"wp-image-1006\" srcset=\"https:\/\/levraiparadis.fr\/wp-content\/uploads\/2023\/03\/Le-Vrai-Paradis-chambre-dhotes-Le-Crotoy-2-1024x768.jpeg 1024w, https:\/\/levraiparadis.fr\/wp-content\/uploads\/2023\/03\/Le-Vrai-Paradis-chambre-dhotes-Le-Crotoy-2-300x225.jpeg 300w, https:\/\/levraiparadis.fr\/wp-content\/uploads\/2023\/03\/Le-Vrai-Paradis-chambre-dhotes-Le-Crotoy-2-768x576.jpeg 768w, https:\/\/levraiparadis.fr\/wp-content\/uploads\/2023\/03\/Le-Vrai-Paradis-chambre-dhotes-Le-Crotoy-2-1536x1152.jpeg 1536w, https:\/\/levraiparadis.fr\/wp-content\/uploads\/2023\/03\/Le-Vrai-Paradis-chambre-dhotes-Le-Crotoy-2-400x300.jpeg 400w, https:\/\/levraiparadis.fr\/wp-content\/uploads\/2023\/03\/Le-Vrai-Paradis-chambre-dhotes-Le-Crotoy-2.jpeg 2048w\" sizes=\"auto, (max-width: 1024px) 100vw, 1024px\" \/><\/figure>\n<\/div>\n\n\n\n<div class=\"wp-block-column is-layout-flow wp-block-column-is-layout-flow\">\n<figure class=\"wp-block-image size-large\"><img loading=\"lazy\" decoding=\"async\" width=\"1024\" height=\"768\" src=\"https:\/\/levraiparadis.fr\/wp-content\/uploads\/2023\/03\/Le-Vrai-Paradis-chambre-dhotes-Le-Crotoy-1-1024x768.jpeg\" alt=\"\" class=\"wp-image-1008\" srcset=\"https:\/\/levraiparadis.fr\/wp-content\/uploads\/2023\/03\/Le-Vrai-Paradis-chambre-dhotes-Le-Crotoy-1-1024x768.jpeg 1024w, https:\/\/levraiparadis.fr\/wp-content\/uploads\/2023\/03\/Le-Vrai-Paradis-chambre-dhotes-Le-Crotoy-1-300x225.jpeg 300w, https:\/\/levraiparadis.fr\/wp-content\/uploads\/2023\/03\/Le-Vrai-Paradis-chambre-dhotes-Le-Crotoy-1-768x576.jpeg 768w, https:\/\/levraiparadis.fr\/wp-content\/uploads\/2023\/03\/Le-Vrai-Paradis-chambre-dhotes-Le-Crotoy-1-1536x1152.jpeg 1536w, https:\/\/levraiparadis.fr\/wp-content\/uploads\/2023\/03\/Le-Vrai-Paradis-chambre-dhotes-Le-Crotoy-1-400x300.jpeg 400w, https:\/\/levraiparadis.fr\/wp-content\/uploads\/2023\/03\/Le-Vrai-Paradis-chambre-dhotes-Le-Crotoy-1.jpeg 2048w\" sizes=\"auto, (max-width: 1024px) 100vw, 1024px\" \/><\/figure>\n<\/div>\n<\/div>\n\n\n\n<div class=\"wp-block-columns is-layout-flex wp-container-core-columns-is-layout-9d6595d7 wp-block-columns-is-layout-flex\">\n<div class=\"wp-block-column is-layout-flow wp-block-column-is-layout-flow\">\n<figure class=\"wp-block-image size-large\"><img loading=\"lazy\" decoding=\"async\" width=\"1024\" height=\"768\" src=\"https:\/\/levraiparadis.fr\/wp-content\/uploads\/2023\/03\/Le-Vrai-Paradis-chambre-dhotes-Le-Crotoy-3-1024x768.jpeg\" alt=\"\" class=\"wp-image-1009\" srcset=\"https:\/\/levraiparadis.fr\/wp-content\/uploads\/2023\/03\/Le-Vrai-Paradis-chambre-dhotes-Le-Crotoy-3-1024x768.jpeg 1024w, https:\/\/levraiparadis.fr\/wp-content\/uploads\/2023\/03\/Le-Vrai-Paradis-chambre-dhotes-Le-Crotoy-3-300x225.jpeg 300w, https:\/\/levraiparadis.fr\/wp-content\/uploads\/2023\/03\/Le-Vrai-Paradis-chambre-dhotes-Le-Crotoy-3-768x576.jpeg 768w, https:\/\/levraiparadis.fr\/wp-content\/uploads\/2023\/03\/Le-Vrai-Paradis-chambre-dhotes-Le-Crotoy-3-1536x1152.jpeg 1536w, https:\/\/levraiparadis.fr\/wp-content\/uploads\/2023\/03\/Le-Vrai-Paradis-chambre-dhotes-Le-Crotoy-3-400x300.jpeg 400w, https:\/\/levraiparadis.fr\/wp-content\/uploads\/2023\/03\/Le-Vrai-Paradis-chambre-dhotes-Le-Crotoy-3.jpeg 2048w\" sizes=\"auto, (max-width: 1024px) 100vw, 1024px\" \/><\/figure>\n<\/div>\n\n\n\n<div class=\"wp-block-column is-layout-flow wp-block-column-is-layout-flow\">\n<figure class=\"wp-block-image size-large\"><img loading=\"lazy\" decoding=\"async\" width=\"1024\" height=\"768\" src=\"https:\/\/levraiparadis.fr\/wp-content\/uploads\/2023\/03\/Le-Vrai-Paradis-chambre-dhotes-Le-Crotoy-3-1-1024x768.jpeg\" alt=\"\" class=\"wp-image-1010\" srcset=\"https:\/\/levraiparadis.fr\/wp-content\/uploads\/2023\/03\/Le-Vrai-Paradis-chambre-dhotes-Le-Crotoy-3-1-1024x768.jpeg 1024w, https:\/\/levraiparadis.fr\/wp-content\/uploads\/2023\/03\/Le-Vrai-Paradis-chambre-dhotes-Le-Crotoy-3-1-300x225.jpeg 300w, https:\/\/levraiparadis.fr\/wp-content\/uploads\/2023\/03\/Le-Vrai-Paradis-chambre-dhotes-Le-Crotoy-3-1-768x576.jpeg 768w, https:\/\/levraiparadis.fr\/wp-content\/uploads\/2023\/03\/Le-Vrai-Paradis-chambre-dhotes-Le-Crotoy-3-1-1536x1152.jpeg 1536w, https:\/\/levraiparadis.fr\/wp-content\/uploads\/2023\/03\/Le-Vrai-Paradis-chambre-dhotes-Le-Crotoy-3-1-400x300.jpeg 400w, https:\/\/levraiparadis.fr\/wp-content\/uploads\/2023\/03\/Le-Vrai-Paradis-chambre-dhotes-Le-Crotoy-3-1.jpeg 2048w\" sizes=\"auto, (max-width: 1024px) 100vw, 1024px\" \/><\/figure>\n<\/div>\n\n\n\n<div class=\"wp-block-column is-layout-flow wp-block-column-is-layout-flow\">\n<figure class=\"wp-block-image size-large\"><img loading=\"lazy\" decoding=\"async\" width=\"1024\" height=\"768\" src=\"https:\/\/levraiparadis.fr\/wp-content\/uploads\/2023\/03\/Le-Vrai-Paradis-chambre-dhotes-Berck-sur-Mer-4-1024x768.jpeg\" alt=\"\" class=\"wp-image-1005\" srcset=\"https:\/\/levraiparadis.fr\/wp-content\/uploads\/2023\/03\/Le-Vrai-Paradis-chambre-dhotes-Berck-sur-Mer-4-1024x768.jpeg 1024w, https:\/\/levraiparadis.fr\/wp-content\/uploads\/2023\/03\/Le-Vrai-Paradis-chambre-dhotes-Berck-sur-Mer-4-300x225.jpeg 300w, https:\/\/levraiparadis.fr\/wp-content\/uploads\/2023\/03\/Le-Vrai-Paradis-chambre-dhotes-Berck-sur-Mer-4-768x576.jpeg 768w, https:\/\/levraiparadis.fr\/wp-content\/uploads\/2023\/03\/Le-Vrai-Paradis-chambre-dhotes-Berck-sur-Mer-4-1536x1152.jpeg 1536w, https:\/\/levraiparadis.fr\/wp-content\/uploads\/2023\/03\/Le-Vrai-Paradis-chambre-dhotes-Berck-sur-Mer-4-400x300.jpeg 400w, https:\/\/levraiparadis.fr\/wp-content\/uploads\/2023\/03\/Le-Vrai-Paradis-chambre-dhotes-Berck-sur-Mer-4.jpeg 2048w\" sizes=\"auto, (max-width: 1024px) 100vw, 1024px\" \/><\/figure>\n<\/div>\n<\/div>\n\n\n\n<div class=\"wp-block-columns is-layout-flex wp-container-core-columns-is-layout-9d6595d7 wp-block-columns-is-layout-flex\">\n<div class=\"wp-block-column is-layout-flow wp-block-column-is-layout-flow\">\n<h2 class=\"wp-block-heading has-text-align-center\">Disponibilit\u00e9s<\/h2>\n\n\n\n<div id=\"ConstellationCalendarContainer0ee67081-86ab-4b94-b793-493f81390d20\" style=\"width:100%; text-align:center;\" title=\"Le Vrai Paradis\" data-id-projet=\"0ee6708186ab4b94b793493f81390d20\">Chargement en cours&#8230;<\/div><script type=\"text\/javascript\" src=\"https:\/\/reservation.elloha.com\/Scripts\/widget-loader.min.js?v=42\"><\/script><script type=\"text\/javascript\">var constellationWidgetUrl0ee6708186ab4b94b793493f81390d20, constellationTypeModule0ee6708186ab4b94b793493f81390d20; constellationWidgetUrl0ee6708186ab4b94b793493f81390d20 = 'https:\/\/reservation.elloha.com\/Widget\/BookingCalendar\/0ee67081-86ab-4b94-b793-493f81390d20?idoi=f9b59e1f-32c7-4469-b626-017a04db2c8c'; constellationTypeModule0ee6708186ab4b94b793493f81390d20=2; constellationBookingCalendarLoad('ConstellationCalendarContainer0ee67081-86ab-4b94-b793-493f81390d20'); constellationWidgetAddEvent(window, \"resize\", function () { constellationWidgetSetAppearance('ConstellationCalendarContainer0ee67081-86ab-4b94-b793-493f81390d20'); });<\/script>\n<\/div>\n\n\n\n<div class=\"wp-block-column is-layout-flow wp-block-column-is-layout-flow\">\n<h2 class=\"wp-block-heading has-text-align-center\">Tarifs<\/h2>\n\n\n\n<h4 class=\"wp-block-heading has-accent-1-color has-text-color\"><strong>202<\/strong>5<\/h4>\n\n\n\n<p>Tarif TTC, petits-d\u00e9jeuners compris : <\/p>\n\n\n\n<p class=\"has-text-align-center\"><em>90\u20ac \/ nuit pour 2 personnes<\/em><\/p>\n\n\n\n<p class=\"has-text-align-center\">1<em>60\u20ac \/ nuit pour 4 personnes<\/em> <\/p>\n\n\n\n<p>Lit d&rsquo;appoint pour un enfant de mois de 12 ans : <\/p>\n\n\n\n<p class=\"has-text-align-center\"> <em>30\u20ac \/ nuit pour 1 enfant<\/em> <\/p>\n\n\n\n<p>Taxe de s\u00e9jour : 0,80\u20ac \/ nuit \/ personne<\/p>\n<\/div>\n<\/div>\n\n\n\n<div id=\"ConstellationButtonContainer46cd79c3-f62c-490f-9d92-cca68bc85650\" style=\"width:100%; text-align:center;\" title=\"Le Vrai Paradis\" data-id-projet=\"46cd79c3f62c490f9d92cca68bc85650\">Chargement en cours&#8230;<\/div><script type=\"text\/javascript\" src=\"https:\/\/reservation.elloha.com\/Scripts\/widget-loader.min.js?v=42\"><\/script><script type=\"text\/javascript\">var constellationWidgetUrl46cd79c3f62c490f9d92cca68bc85650, constellationTypeModule46cd79c3f62c490f9d92cca68bc85650; constellationWidgetUrl46cd79c3f62c490f9d92cca68bc85650 = 'https:\/\/reservation.elloha.com\/Widget\/BookingButton\/46cd79c3-f62c-490f-9d92-cca68bc85650?idoi=f9b59e1f-32c7-4469-b626-017a04db2c8c&culture=fr-FR'; constellationTypeModule46cd79c3f62c490f9d92cca68bc85650=3; constellationBookingButtonLoad('ConstellationButtonContainer46cd79c3-f62c-490f-9d92-cca68bc85650');<\/script>\n\n\n\n<div style=\"height:25px\" aria-hidden=\"true\" class=\"wp-block-spacer\"><\/div>\n\n\n\n<h2 class=\"wp-block-heading has-text-align-center\">Le Crotoy<\/h2>\n\n\n\n<p>Le Crotoy a pour sp\u00e9cificit\u00e9 sa longue plage de sable qui est la seule plage du Nord expos\u00e9e au sud.<\/p>\n\n\n\n<p>Le Crotoy, gr\u00e2ce \u00e0 son exposition plein sud est un lieu id\u00e9al pour capter les couleurs et les reflets dans l\u2019eau jusqu\u2019aux derniers rayons du soleil. \u00c9crivains et peintres c\u00e9l\u00e8bres s\u2019en sont inspir\u00e9s comme : Manessier, Jules Verne, Colette, Toulouse-Lautrec, Sisley ou encore Seurat.<\/p>\n\n\n\n<p>Pour en savoir plus sur la ville du Crotoy, cliquez sur le lien suivant \u2192 Ville du Crotoy<\/p>\n","protected":false},"excerpt":{"rendered":"<p>Un bleu parmi toutes les muances de bleus que vous observerez en Baie de Somme pour la chambre d\u2019h\u00f4tes Le Crotoy. La chambre est compos\u00e9e &hellip;<\/p>\n","protected":false},"author":1,"featured_media":0,"parent":92,"menu_order":5,"comment_status":"closed","ping_status":"closed","template":"","meta":{"footnotes":""},"class_list":["post-183","page","type-page","status-publish","hentry"],"_links":{"self":[{"href":"https:\/\/levraiparadis.fr\/index.php?rest_route=\/wp\/v2\/pages\/183","targetHints":{"allow":["GET"]}}],"collection":[{"href":"https:\/\/levraiparadis.fr\/index.php?rest_route=\/wp\/v2\/pages"}],"about":[{"href":"https:\/\/levraiparadis.fr\/index.php?rest_route=\/wp\/v2\/types\/page"}],"author":[{"embeddable":true,"href":"https:\/\/levraiparadis.fr\/index.php?rest_route=\/wp\/v2\/users\/1"}],"replies":[{"embeddable":true,"href":"https:\/\/levraiparadis.fr\/index.php?rest_route=%2Fwp%2Fv2%2Fcomments&post=183"}],"version-history":[{"count":24,"href":"https:\/\/levraiparadis.fr\/index.php?rest_route=\/wp\/v2\/pages\/183\/revisions"}],"predecessor-version":[{"id":1313,"href":"https:\/\/levraiparadis.fr\/index.php?rest_route=\/wp\/v2\/pages\/183\/revisions\/1313"}],"up":[{"embeddable":true,"href":"https:\/\/levraiparadis.fr\/index.php?rest_route=\/wp\/v2\/pages\/92"}],"wp:attachment":[{"href":"https:\/\/levraiparadis.fr\/index.php?rest_route=%2Fwp%2Fv2%2Fmedia&parent=183"}],"curies":[{"name":"wp","href":"https:\/\/api.w.org\/{rel}","templated":true}]}}