{"id":187,"date":"2021-05-30T14:57:02","date_gmt":"2021-05-30T12:57:02","guid":{"rendered":"http:\/\/levraiparadis.fr\/?page_id=187"},"modified":"2026-02-17T11:48:50","modified_gmt":"2026-02-17T10:48:50","slug":"le-studio-saint-valery-sur-somme","status":"publish","type":"page","link":"https:\/\/levraiparadis.fr\/?page_id=187","title":{"rendered":"Le g\u00eete Saint-Val\u00e9ry-sur-Somme"},"content":{"rendered":"\n<div class=\"wp-block-columns is-layout-flex wp-container-core-columns-is-layout-9d6595d7 wp-block-columns-is-layout-flex\">\n<div class=\"wp-block-column is-layout-flow wp-block-column-is-layout-flow\">\n<p>Profitez d\u2019un s\u00e9jour en toute ind\u00e9pendance dans le <strong>G\u00eete Saint-Val\u00e9ry-sur-Somme<\/strong>, avec une jolie vue sur l\u2019Amboise, la rivi\u00e8re qui entoure la maison d\u2019h\u00f4tes<\/p>\n\n\n\n<p><strong>\ud83d\udccd Situation<\/strong><\/p>\n\n\n\n<p>Le g\u00eete se trouve au rez-de-chauss\u00e9e, dans la cour du Vrai Paradis.<\/p>\n\n\n\n<p>Il est class\u00e9 meubl\u00e9 de tourisme 2 \u00e9toiles <strong>\u2b50\u2b50<\/strong>.<\/p>\n\n\n\n<p><strong>\ud83d\udecf\ufe0f Confort &amp; linge de maison<\/strong><\/p>\n\n\n\n<p>Les draps et les serviettes en lin sont fournis.<\/p>\n\n\n\n<p>Nous avons choisi un linge en lin lav\u00e9 de chez <a href=\"https:\/\/www.embrin.fr\/\">Embrin<\/a>, confectionn\u00e9 en France \u00e0 partir de lin picard et normand, issu d\u2019une fili\u00e8re \u00e9co-responsable \ud83c\udf31<\/p>\n\n\n\n<p>Le m\u00e9nage de fin de s\u00e9jour est inclus <\/p>\n\n\n\n<p><strong>\ud83c\udf73 \u00c9quipements<\/strong><\/p>\n\n\n\n<p>Le g\u00eete dispose de :<\/p>\n\n\n\n<ul class=\"wp-block-list\">\n<li>Une kitchenette \u00e9quip\u00e9e (2 plaques de cuisson, petit r\u00e9frig\u00e9rateur, micro-ondes combin\u00e9)<\/li>\n\n\n\n<li>Une t\u00e9l\u00e9vision \ud83d\udcfa<\/li>\n\n\n\n<li>Une connexion wifi gratuite <\/li>\n<\/ul>\n\n\n\n<p><strong>\ud83c\udf1e Ext\u00e9rieur<\/strong><\/p>\n\n\n\n<p>Vous pourrez profiter d\u2019une terrasse privative avec :<\/p>\n\n\n\n<ul class=\"wp-block-list\">\n<li>Une table et des chaises de jardin<\/li>\n\n\n\n<li>Barbecue<\/li>\n<\/ul>\n\n\n\n<p>Un espace id\u00e9al pour se d\u00e9tendre et partager un bon moment \u2600\ufe0f<\/p>\n<\/div>\n\n\n\n<div class=\"wp-block-column is-layout-flow wp-block-column-is-layout-flow\"><div class=\"wp-block-image\">\n<figure class=\"aligncenter size-large\"><img loading=\"lazy\" decoding=\"async\" width=\"1024\" height=\"768\" src=\"https:\/\/levraiparadis.fr\/wp-content\/uploads\/2022\/05\/IMG_8662-1024x768.jpg\" alt=\"\" class=\"wp-image-786\" srcset=\"https:\/\/levraiparadis.fr\/wp-content\/uploads\/2022\/05\/IMG_8662-1024x768.jpg 1024w, https:\/\/levraiparadis.fr\/wp-content\/uploads\/2022\/05\/IMG_8662-300x225.jpg 300w, https:\/\/levraiparadis.fr\/wp-content\/uploads\/2022\/05\/IMG_8662-768x576.jpg 768w, https:\/\/levraiparadis.fr\/wp-content\/uploads\/2022\/05\/IMG_8662-1536x1152.jpg 1536w, https:\/\/levraiparadis.fr\/wp-content\/uploads\/2022\/05\/IMG_8662-2048x1536.jpg 2048w, https:\/\/levraiparadis.fr\/wp-content\/uploads\/2022\/05\/IMG_8662-400x300.jpg 400w\" sizes=\"auto, (max-width: 1024px) 100vw, 1024px\" \/><figcaption class=\"wp-element-caption\">Le g\u00eete Saint-Valery-sur-Somme et son lit queen size<\/figcaption><\/figure>\n<\/div>\n\n\n<p><strong>\u23f0 Horaires<\/strong><\/p>\n\n\n\n<ul class=\"wp-block-list\">\n<li>Arriv\u00e9e : \u00e0 partir de 18h00<\/li>\n\n\n\n<li>D\u00e9part : avant 10h30<\/li>\n<\/ul>\n\n\n\n<p><strong>\ud83d\udead R\u00e8glement du g\u00eete<\/strong><\/p>\n\n\n\n<p>Pour le confort de tous :<\/p>\n\n\n\n<ul class=\"wp-block-list\">\n<li>G\u00eete non-fumeur<\/li>\n\n\n\n<li>Les animaux de compagnie ne sont pas admis (ni \u00e0 l\u2019int\u00e9rieur, ni \u00e0 l\u2019ext\u00e9rieur) \ud83d\udc3e<\/li>\n\n\n\n<li>Les f\u00eates ne sont pas autoris\u00e9es<\/li>\n\n\n\n<li>Merci de respecter le calme, notamment entre 22h30 (musique coup\u00e9e) et 8h00, afin de pr\u00e9server la tranquillit\u00e9 du voisinage \ud83e\udd2b<\/li>\n<\/ul>\n<\/div>\n<\/div>\n\n\n\n<div class=\"wp-block-columns is-layout-flex wp-container-core-columns-is-layout-9d6595d7 wp-block-columns-is-layout-flex\"><\/div>\n\n\n\n<figure class=\"wp-block-gallery has-nested-images columns-default is-cropped wp-block-gallery-1 is-layout-flex wp-block-gallery-is-layout-flex\">\n<figure class=\"wp-block-image size-large\"><img loading=\"lazy\" decoding=\"async\" width=\"1024\" height=\"768\" data-id=\"788\" src=\"https:\/\/levraiparadis.fr\/wp-content\/uploads\/2022\/05\/IMG_8664-1024x768.jpg\" alt=\"\" class=\"wp-image-788\" srcset=\"https:\/\/levraiparadis.fr\/wp-content\/uploads\/2022\/05\/IMG_8664-1024x768.jpg 1024w, https:\/\/levraiparadis.fr\/wp-content\/uploads\/2022\/05\/IMG_8664-300x225.jpg 300w, https:\/\/levraiparadis.fr\/wp-content\/uploads\/2022\/05\/IMG_8664-768x576.jpg 768w, https:\/\/levraiparadis.fr\/wp-content\/uploads\/2022\/05\/IMG_8664-1536x1152.jpg 1536w, https:\/\/levraiparadis.fr\/wp-content\/uploads\/2022\/05\/IMG_8664-2048x1536.jpg 2048w, https:\/\/levraiparadis.fr\/wp-content\/uploads\/2022\/05\/IMG_8664-400x300.jpg 400w\" sizes=\"auto, (max-width: 1024px) 100vw, 1024px\" \/><\/figure>\n\n\n\n<figure class=\"wp-block-image size-large\"><img loading=\"lazy\" decoding=\"async\" width=\"1024\" height=\"768\" data-id=\"785\" src=\"https:\/\/levraiparadis.fr\/wp-content\/uploads\/2022\/05\/IMG_8661-1024x768.jpg\" alt=\"\" class=\"wp-image-785\" srcset=\"https:\/\/levraiparadis.fr\/wp-content\/uploads\/2022\/05\/IMG_8661-1024x768.jpg 1024w, https:\/\/levraiparadis.fr\/wp-content\/uploads\/2022\/05\/IMG_8661-300x225.jpg 300w, https:\/\/levraiparadis.fr\/wp-content\/uploads\/2022\/05\/IMG_8661-768x576.jpg 768w, https:\/\/levraiparadis.fr\/wp-content\/uploads\/2022\/05\/IMG_8661-1536x1152.jpg 1536w, https:\/\/levraiparadis.fr\/wp-content\/uploads\/2022\/05\/IMG_8661-2048x1536.jpg 2048w, https:\/\/levraiparadis.fr\/wp-content\/uploads\/2022\/05\/IMG_8661-400x300.jpg 400w\" sizes=\"auto, (max-width: 1024px) 100vw, 1024px\" \/><\/figure>\n\n\n\n<figure class=\"wp-block-image size-large\"><img loading=\"lazy\" decoding=\"async\" width=\"1024\" height=\"768\" data-id=\"615\" src=\"https:\/\/levraiparadis.fr\/wp-content\/uploads\/2021\/10\/IMG_7185-1024x768.jpg\" alt=\"\" class=\"wp-image-615\" srcset=\"https:\/\/levraiparadis.fr\/wp-content\/uploads\/2021\/10\/IMG_7185-1024x768.jpg 1024w, https:\/\/levraiparadis.fr\/wp-content\/uploads\/2021\/10\/IMG_7185-300x225.jpg 300w, https:\/\/levraiparadis.fr\/wp-content\/uploads\/2021\/10\/IMG_7185-768x576.jpg 768w, https:\/\/levraiparadis.fr\/wp-content\/uploads\/2021\/10\/IMG_7185-1536x1152.jpg 1536w, https:\/\/levraiparadis.fr\/wp-content\/uploads\/2021\/10\/IMG_7185-2048x1536.jpg 2048w, https:\/\/levraiparadis.fr\/wp-content\/uploads\/2021\/10\/IMG_7185-400x300.jpg 400w\" sizes=\"auto, (max-width: 1024px) 100vw, 1024px\" \/><\/figure>\n\n\n\n<figure class=\"wp-block-image size-large\"><img loading=\"lazy\" decoding=\"async\" width=\"1024\" height=\"768\" data-id=\"613\" src=\"https:\/\/levraiparadis.fr\/wp-content\/uploads\/2021\/10\/IMG_7182-1024x768.jpg\" alt=\"\" class=\"wp-image-613\" srcset=\"https:\/\/levraiparadis.fr\/wp-content\/uploads\/2021\/10\/IMG_7182-1024x768.jpg 1024w, https:\/\/levraiparadis.fr\/wp-content\/uploads\/2021\/10\/IMG_7182-300x225.jpg 300w, https:\/\/levraiparadis.fr\/wp-content\/uploads\/2021\/10\/IMG_7182-768x576.jpg 768w, https:\/\/levraiparadis.fr\/wp-content\/uploads\/2021\/10\/IMG_7182-1536x1152.jpg 1536w, https:\/\/levraiparadis.fr\/wp-content\/uploads\/2021\/10\/IMG_7182-2048x1536.jpg 2048w, https:\/\/levraiparadis.fr\/wp-content\/uploads\/2021\/10\/IMG_7182-400x300.jpg 400w\" sizes=\"auto, (max-width: 1024px) 100vw, 1024px\" \/><\/figure>\n\n\n\n<figure class=\"wp-block-image size-large\"><img loading=\"lazy\" decoding=\"async\" width=\"1024\" height=\"768\" data-id=\"787\" src=\"https:\/\/levraiparadis.fr\/wp-content\/uploads\/2022\/05\/IMG_8663-1024x768.jpg\" alt=\"\" class=\"wp-image-787\" srcset=\"https:\/\/levraiparadis.fr\/wp-content\/uploads\/2022\/05\/IMG_8663-1024x768.jpg 1024w, https:\/\/levraiparadis.fr\/wp-content\/uploads\/2022\/05\/IMG_8663-300x225.jpg 300w, https:\/\/levraiparadis.fr\/wp-content\/uploads\/2022\/05\/IMG_8663-768x576.jpg 768w, https:\/\/levraiparadis.fr\/wp-content\/uploads\/2022\/05\/IMG_8663-1536x1152.jpg 1536w, https:\/\/levraiparadis.fr\/wp-content\/uploads\/2022\/05\/IMG_8663-2048x1536.jpg 2048w, https:\/\/levraiparadis.fr\/wp-content\/uploads\/2022\/05\/IMG_8663-400x300.jpg 400w\" sizes=\"auto, (max-width: 1024px) 100vw, 1024px\" \/><\/figure>\n\n\n\n<figure class=\"wp-block-image size-large\"><img loading=\"lazy\" decoding=\"async\" width=\"1024\" height=\"768\" data-id=\"790\" src=\"https:\/\/levraiparadis.fr\/wp-content\/uploads\/2022\/05\/IMG_8666-1024x768.jpg\" alt=\"\" class=\"wp-image-790\" srcset=\"https:\/\/levraiparadis.fr\/wp-content\/uploads\/2022\/05\/IMG_8666-1024x768.jpg 1024w, https:\/\/levraiparadis.fr\/wp-content\/uploads\/2022\/05\/IMG_8666-300x225.jpg 300w, https:\/\/levraiparadis.fr\/wp-content\/uploads\/2022\/05\/IMG_8666-768x576.jpg 768w, https:\/\/levraiparadis.fr\/wp-content\/uploads\/2022\/05\/IMG_8666-1536x1152.jpg 1536w, https:\/\/levraiparadis.fr\/wp-content\/uploads\/2022\/05\/IMG_8666-2048x1536.jpg 2048w, https:\/\/levraiparadis.fr\/wp-content\/uploads\/2022\/05\/IMG_8666-400x300.jpg 400w\" sizes=\"auto, (max-width: 1024px) 100vw, 1024px\" \/><\/figure>\n<\/figure>\n\n\n\n<div style=\"height:35px\" aria-hidden=\"true\" class=\"wp-block-spacer\"><\/div>\n\n\n\n<div id=\"ConstellationButtonContainer38b869a9-05aa-45ba-8207-13375cc329fa\" style=\"width:100%; text-align:center;\" title=\"Le Vrai Paradis\" data-id-projet='38b869a905aa45ba820713375cc329fa'>Chargement en cours&#8230;<\/div><script type=\"text\/javascript\" src=\"https:\/\/reservation.elloha.com\/Scripts\/widget-loader.min.js?v=42\"><\/script><script type=\"text\/javascript\">var constellationWidgetUrl38b869a905aa45ba820713375cc329fa, constellationTypeModule38b869a905aa45ba820713375cc329fa; constellationWidgetUrl38b869a905aa45ba820713375cc329fa = 'https:\/\/reservation.elloha.com\/Widget\/BookingButton\/38b869a9-05aa-45ba-8207-13375cc329fa?idoi=f9b59e1f-32c7-4469-b626-017a04db2c8c&culture=fr-FR'; constellationTypeModule38b869a905aa45ba820713375cc329fa=3; constellationBookingButtonLoad('ConstellationButtonContainer38b869a9-05aa-45ba-8207-13375cc329fa');<\/script>\n\n\n\n<div style=\"height:30px\" aria-hidden=\"true\" class=\"wp-block-spacer\"><\/div>\n\n\n\n<div class=\"wp-block-buttons is-horizontal is-content-justification-center is-layout-flex wp-container-core-buttons-is-layout-499968f5 wp-block-buttons-is-layout-flex\"><\/div>\n\n\n\n<div class=\"wp-block-columns is-layout-flex wp-container-core-columns-is-layout-9d6595d7 wp-block-columns-is-layout-flex\">\n<div class=\"wp-block-column is-layout-flow wp-block-column-is-layout-flow\">\n<h2 class=\"wp-block-heading has-text-align-center\">Disponibilit\u00e9s<\/h2>\n\n\n\n<div id=\"ConstellationCalendarContainer935ef9a8-4fae-472f-8141-cd967f89eaf7\" style=\"width:100%; text-align:center;\" title=\"Le Vrai Paradis\" data-id-projet='935ef9a84fae472f8141cd967f89eaf7'>Chargement en cours&#8230;<\/div><script type=\"text\/javascript\" src=\"https:\/\/reservation.elloha.com\/Scripts\/widget-loader.min.js?v=42\"><\/script><script type=\"text\/javascript\">var constellationWidgetUrl935ef9a84fae472f8141cd967f89eaf7, constellationTypeModule935ef9a84fae472f8141cd967f89eaf7; constellationWidgetUrl935ef9a84fae472f8141cd967f89eaf7 = 'https:\/\/reservation.elloha.com\/Widget\/BookingCalendar\/935ef9a8-4fae-472f-8141-cd967f89eaf7?idoi=f9b59e1f-32c7-4469-b626-017a04db2c8c'; constellationTypeModule935ef9a84fae472f8141cd967f89eaf7=2; constellationBookingCalendarLoad('ConstellationCalendarContainer935ef9a8-4fae-472f-8141-cd967f89eaf7'); constellationWidgetAddEvent(window, \"resize\", function () { constellationWidgetSetAppearance('ConstellationCalendarContainer935ef9a8-4fae-472f-8141-cd967f89eaf7'); });<\/script>\n\n\n<div class=\"wp-block-image\">\n<figure class=\"aligncenter size-large is-resized\"><img loading=\"lazy\" decoding=\"async\" width=\"1024\" height=\"768\" src=\"https:\/\/levraiparadis.fr\/wp-content\/uploads\/2022\/05\/IMG_8667-1024x768.jpg\" alt=\"\" class=\"wp-image-794\" style=\"width:498px;height:373px\" srcset=\"https:\/\/levraiparadis.fr\/wp-content\/uploads\/2022\/05\/IMG_8667-1024x768.jpg 1024w, https:\/\/levraiparadis.fr\/wp-content\/uploads\/2022\/05\/IMG_8667-300x225.jpg 300w, https:\/\/levraiparadis.fr\/wp-content\/uploads\/2022\/05\/IMG_8667-768x576.jpg 768w, https:\/\/levraiparadis.fr\/wp-content\/uploads\/2022\/05\/IMG_8667-1536x1152.jpg 1536w, https:\/\/levraiparadis.fr\/wp-content\/uploads\/2022\/05\/IMG_8667-2048x1536.jpg 2048w, https:\/\/levraiparadis.fr\/wp-content\/uploads\/2022\/05\/IMG_8667-400x300.jpg 400w\" sizes=\"auto, (max-width: 1024px) 100vw, 1024px\" \/><\/figure>\n<\/div><\/div>\n\n\n\n<div class=\"wp-block-column is-layout-flow wp-block-column-is-layout-flow\">\n<h2 class=\"wp-block-heading has-text-align-center\">Tarifs 2026<\/h2>\n\n\n\n<p class=\"has-text-align-center\">Tarif TTC :<\/p>\n\n\n\n<p class=\"has-text-align-center\"><em>\u00e0 partir de 80 \u20ac \/ nuit pour 2 personnes<\/em><\/p>\n\n\n\n<p>Taxe de s\u00e9jour et taxe d\u00e9partementale : 1,10\u20ac \/ nuit \/ personne<\/p>\n\n\n\n<p>Option petit d\u00e9jeuner selon disponibilit\u00e9 :<\/p>\n\n\n\n<p class=\"has-text-align-center\">10 <em>\u20ac \/ personne<\/em><\/p>\n\n\n\n<p><\/p>\n<\/div>\n<\/div>\n","protected":false},"excerpt":{"rendered":"<p>Profitez d\u2019un s\u00e9jour en toute ind\u00e9pendance dans le G\u00eete Saint-Val\u00e9ry-sur-Somme, avec une jolie vue sur l\u2019Amboise, la rivi\u00e8re qui entoure la maison d\u2019h\u00f4tes \ud83d\udccd Situation &hellip;<\/p>\n","protected":false},"author":1,"featured_media":0,"parent":185,"menu_order":1,"comment_status":"closed","ping_status":"closed","template":"","meta":{"footnotes":""},"class_list":["post-187","page","type-page","status-publish","hentry"],"_links":{"self":[{"href":"https:\/\/levraiparadis.fr\/index.php?rest_route=\/wp\/v2\/pages\/187","targetHints":{"allow":["GET"]}}],"collection":[{"href":"https:\/\/levraiparadis.fr\/index.php?rest_route=\/wp\/v2\/pages"}],"about":[{"href":"https:\/\/levraiparadis.fr\/index.php?rest_route=\/wp\/v2\/types\/page"}],"author":[{"embeddable":true,"href":"https:\/\/levraiparadis.fr\/index.php?rest_route=\/wp\/v2\/users\/1"}],"replies":[{"embeddable":true,"href":"https:\/\/levraiparadis.fr\/index.php?rest_route=%2Fwp%2Fv2%2Fcomments&post=187"}],"version-history":[{"count":42,"href":"https:\/\/levraiparadis.fr\/index.php?rest_route=\/wp\/v2\/pages\/187\/revisions"}],"predecessor-version":[{"id":1350,"href":"https:\/\/levraiparadis.fr\/index.php?rest_route=\/wp\/v2\/pages\/187\/revisions\/1350"}],"up":[{"embeddable":true,"href":"https:\/\/levraiparadis.fr\/index.php?rest_route=\/wp\/v2\/pages\/185"}],"wp:attachment":[{"href":"https:\/\/levraiparadis.fr\/index.php?rest_route=%2Fwp%2Fv2%2Fmedia&parent=187"}],"curies":[{"name":"wp","href":"https:\/\/api.w.org\/{rel}","templated":true}]}}